 be f(0). Let p(k) = 5*k - 2 - b*k - 2. Is p(6) prime?
False
Suppose -4*c + 7 + 5 = 0. Suppose t - 41 = -c*w + w, 0 = 3*t - 5*w - 90. Is (-1278)/(-14) - 10/t a composite number?
True
Suppose 0 = 3*j - j - 108. Suppose -4*r + 86 = -2*a, -8*r + 66 = -5*r - a. Let l = j - r. Is l a composite number?
False
Is (-19)/((-19)/330) - 1 composite?
True
Suppose -l + 1943 = 3*b, l - 4*b - 292 = 1623. Let z = l - 1266. Suppose -5*n + z = 180. Is n prime?
True
Let x = -11 + 16. Suppose -175 - 500 = -x*t. Suppose i + 16 - t = 0. Is i a prime number?
False
Let b(d) = -d**2 - 5*d - 8. Let t be b(-6). Let u(i) = 31*i - 2. Let h be u(3). Let w = h + t. Is w a composite number?
True
Suppose 3*n + 4*f + 4 = 0, -2*n + 20 = n - 2*f. Is 3 - (-308 - -4)/n composite?
False
Let s(n) = 17*n**2 - 19*n + 1. Is s(-10) a composite number?
True
Suppose 10 = 4*f - f - 2*x, -4*x + 40 = 4*f. Suppose -m - 2*m - f = 0. Is (-62)/3*3/m a prime number?
True
Suppose 21 = 3*y + 5*o, 0*o + 2*o - 2 = 2*y. Suppose 4*r = w + 26, 4*r + 8 - 40 = -y*w. Is r a prime number?
True
Suppose 2*x = a + 8, -x + a + 8 = 2. Is (100/30)/(x/33) prime?
False
Is -14*1*(-55)/10 composite?
True
Suppose -4*z - 17 + 1 = 4*h, -10 = 4*z - 2*h. Let t = 1 - 1. Is 1 + t - 12*z prime?
True
Suppose -3*b = -15 - 12. Let m(h) = -h + 9. Let v be m(b). Is 489/(1 - -2) + v a prime number?
True
Suppose -5*w + w + 260 = 0. Suppose w = 2*l - l. Is l composite?
True
Let z(l) = l**3 - l**2 + l - 1. Let d(v) = -2*v**3 - v**2 + v. Let i(t) = -d(t) - 3*z(t). Let o = -2 - -4. Is i(o) a composite number?
False
Let h be ((-80)/15)/(2/(-3)). Is (-2)/h + (-317)/(-4) a composite number?
False
Let n be (-1)/(-1)*(2 - -20). Is n/(-4)*30/(-5) prime?
False
Let j(t) = -4*t**3 + 14*t**2 - 11*t - 3. Let f(s) = -2*s**3 + 7*s**2 - 5*s - 2. Let v(h) = -5*f(h) + 2*j(h). Let k = 0 + 5. Is v(k) prime?
False
Suppose 2*p = 4*a + 4*p - 3374, 0 = 2*a - 3*p - 1683. Is a a prime number?
False
Let d = -9 - -13. Suppose 5*h - 37 = d*h. Is h a composite number?
False
Let d = 306 - 100. Is d composite?
True
Let f = -2195 - -3094. Is f a prime number?
False
Suppose -5*w + 2*h = -6694, 0 = h + 4 - 2. Suppose -5*v + w = v. Is v composite?
False
Let l(d) = 2*d + 4. Let b be l(-6). Is b/(-12)*-3*-2 prime?
False
Let s(x) = -x**3 - 9*x**2 - 8*x - 1. Let f be s(-8). Let z(b) = 7*b**2 - b. Let a be z(f). Let u(y) = y + 6. Is u(a) composite?
True
Let j = -259 + 1424. Is j composite?
True
Let g(o) = o**3 + 6*o**2 - 8*o + 15. Is g(-7) prime?
False
Let p(x) = -22*x**3 - x**2 - x - 1. Let q be p(-1). Let k = 146 + -90. Suppose -s + k - q = 0. Is s a composite number?
True
Suppose 0*u = 7*u - 3297. Is (u/(-12))/((-2)/8) prime?
True
Suppose 3*u - 10 = u. Suppose 3*p + u*x = 786, p + 4*x = -0*x + 269. Is p a composite number?
False
Suppose 4*y + 0*y = 72. Suppose 0 = 5*u + 30 + 10. Let w = u + y. Is w prime?
False
Let t be (-5)/(0 + 3/(-6)). Is 223/9 + t/45 a composite number?
True
Let b = 14 + -20. Let q(h) = -5*h**3 - 4*h**2 + 30*h + 46. Let t(n) = -n**3 - n**2 + 6*n + 9. Let s(u) = -2*q(u) + 11*t(u). Is s(b) composite?
False
Let c = -2 - 2. Let v be 0 + 1 + c*1. Let u(t) = 4*t**2 + 2*t + 1. Is u(v) prime?
True
Suppose -3*p - 3817 = -4*t, 0 = 4*p - 8*p + 4. Is t a composite number?
True
Suppose 5*x - 137 = w + 156, -15 = 5*w. Let d = x - 26. Suppose 5*c - d = -a, -120 + 14 = -5*a + 2*c. Is a a prime number?
False
Let m = 10 - 10. Suppose -76 = -m*t - 4*t. Is t prime?
True
Suppose 2*s - 82 = -2*f, -4*f + 96 = 5*s - 113. Let c = 2 + s. Is c composite?
False
Let s = 74 + -65. Let a be (-3)/(-2) - 1/(-2). Suppose 5*n + s = u, -3*n = -5*u + a*n + 65. Is u a prime number?
False
Suppose -r + 917 = 2*u + 2*r, -3*u + 1383 = 3*r. Suppose 3*w = 4*c - 2*w - 457, 4*c - 2*w - u = 0. Is c a composite number?
True
Let t(g) = -12*g**2 + 62*g**2 + 1 - 3*g + g. Is t(1) a prime number?
False
Suppose 3*a = 14 - 5. Suppose 3*y + a*i - 243 = 0, y - 5*i + 21 = 108. Is y a prime number?
False
Suppose -4*z - 11 = -3. Let o be -3 + (-2)/4*z. Is (1 - 3) + o + 53 composite?
True
Let w(l) = -l + 5. Let m be w(3). Let i = m + -2. Suppose i*y - 7 = -y. Is y a prime number?
True
Suppose 8*d = -0*d + 122024. Is d a prime number?
False
Is (-2)/(-3) - 2235/(-9) composite?
True
Suppose -4*h - c = -24, 3*h - 30 = -2*h - 5*c. Suppose -4*r + 746 = 3*o, -h*o + 4*r + 754 = -3*o. Suppose -4*d + o = 78. Is d prime?
True
Let z be (-4)/14 + 16/7. Is z + 3/(-1) + 66 prime?
False
Let n be (-1 + -2)*(-25)/15. Suppose n*t - 2*a = 24, 3*t - 8 = 2*a - 4*a. Suppose 0*l = -t*l + 212. Is l a composite number?
False
Is 3/5 - 234/90 - -2933 a composite number?
True
Suppose -3*r + 2110 = -1151. Is r a prime number?
True
Let l(b) = 124*b + 5. Let f be l(-4). Let q = -334 - f. Is q prime?
True
Let m(t) = -t + 3. Let f be m(8). Let b = f - -44. Is b a prime number?
False
Is (-934)/(-14) + 20/70 prime?
True
Let o = 1 - -3. Suppose u + u - 165 = g, 5*u - 445 = -o*g. Is u a composite number?
True
Let g = -417 + 722. Is g a composite number?
True
Let p = 3 - 5. Let g = 2 + p. Suppose i - 5*i + 356 = g. Is i composite?
False
Let o(w) = -4*w - 3 - 9 + 3. Suppose -23 = 4*i + 5*l, 0 = -4*l + 4. Is o(i) a prime number?
True
Is -6194*(7/42)/(1/(-3)) prime?
False
Suppose -3*f + 4*h = -2206, -2*f - 4*h + 1814 - 350 = 0. Is f prime?
False
Let z = 3 - -27. Let l = 17 + z. Is l composite?
False
Let s = -6 + 10. Suppose 4*b - s = -0, 278 = 3*j + 5*b. Is j composite?
True
Is -1 - (-1 - (3 - -840)) composite?
True
Let b(z) = -z - 4. Let d be b(-6). Suppose 0 = d*u - u - 37. Is u prime?
True
Let l(c) = -10*c - 13. Is l(-7) prime?
False
Suppose 3*q + 22 = 181. Is q prime?
True
Let r(w) = 22*w**2 + 7. Is r(-5) composite?
False
Let d(j) be the third derivative of 1/3*j**3 - 1/6*j**4 + 1/60*j**6 - j**2 + 0 + 0*j - 7/60*j**5. Is d(6) a composite number?
True
Suppose 62 - 347 = -5*s. Is s a prime number?
False
Suppose 0 = -3*x + 15. Suppose 30 = x*d - 3*d. Is d prime?
False
Let h(k) = -k**2 - 4*k. Let m be h(-7). Is (m/12 + 2)*28 prime?
True
Let h(p) = p. Let x be h(3). Let d be 3 - (x - 2) - -31. Suppose 2*y - d = -y. Is y composite?
False
Let z be 24/10 - 6/15. Let i be 1/(((-6)/(-3))/166). Is 7/z*(i + -1) prime?
False
Let w(x) = x**3 + 16*x**2 - 8*x - 23. Is w(-14) composite?
True
Suppose 5*h - y - 5409 = 6551, -h - 5*y + 2418 = 0. Is h prime?
True
Suppose l + 4404 = 5*l. Let i = l + -564. Is i a composite number?
True
Suppose 0 = 4*p - 3 + 51. Let c be 39/p - (-1)/4. Is (-1 + c/(-6))*-50 a composite number?
True
Let u = -6 - -11. Suppose w - u*t - 18 = 0, 0*w = 5*w + 5*t. Suppose h = 5*c - 3*h - 345, 0 = -w*c + h + 200. Is c prime?
False
Let w be (52/(-5))/(-2)*-5. Let b = 133 + -192. Let a = w - b. Is a a prime number?
False
Is (-24)/40 - (-418)/5 a composite number?
False
Suppose 4*l - 8 = -0. Suppose 0 = -4*r - 5*x + 1, l*x + 5 + 1 = 0. Suppose -y + 175 = r*w + w, 0 = 5*w - y - 175. Is w a prime number?
False
Let d(h) = h**2 + 0*h + 13 - 13 - h. Let w be d(0). Suppose 3*x = 2*t + 279, w = -2*x - 2*t + t + 179. Is x prime?
False
Suppose 0 = -z - 4*f - 156, 0*z - 4*f - 444 = 3*z. Let h = z + 244. Suppose 5*p - h = -5. Is p a composite number?
False
Let o = -5 - -9. Suppose o*c - 4 = 12. Suppose 2*p = -4*a + 82, c*a = -2*p + 3*p - 17. Is p composite?
True
Let v = 7 + -3. Suppose -128 + 588 = v*n. Is n a prime number?
False
Suppose u - 2*u = -237. Is u a prime number?
False
Let i(v) = v**3 - 8*v**2 + 7*v + 4. Let s be i(7). Suppose 5*j = s*j + 77. Is j a prime number?
False
Suppose 0*w = w - 6. Suppose 0 = -5*q, -q + w = 4*u - 2*u. Is (u + -1)/(1 + 0) a prime number?
True
Is (-4)/((-2000)/(-1004) - 2) a prime number?
False
Let y(b) = -b**2 - 9*b - 10. Let u be y(-7). Suppose -u*w = -16, 5*p - 6*w + 4*w = 927. Is p composite?
True
Let l(t) = 73*t - 12. Let z = -26 + 15. Let g(k) = 145*k - 23. Let n(j) = z*l(j) + 6*g(j). Is n(5) prime?
False
Suppose -2*r - w = -1786, -3*r - 4*w - 850 = -3529. Is r prime?
False
Let p(k) be the second derivative of k**5/20 + k**4/12 - k**3/3 + k**2 - 2*k. Let m be p(3). Suppose 14 + m = 2*v. Is v prime?
True
Let b = -4 - 0. Let v be (-5 + 3)*(-14)/b. Let i(o) = -3*o - 2. Is i(v) a prime number?
True
Let q = -10 - 14. Suppose -6 = -3*k, g - 3*g + 180 = k. Let x = q + g. Is x prime?
False
Let y(w) = w**3 + 4*w**2 + w - 1.